= 1140*t - 1981. Calculate v(2).
299
Let g(y) = 92132*y + 644924. Calculate g(-7).
0
Let l(h) = -85*h**2 - 1775*h + 191. Calculate l(-21).
-19
Let v(u) = u**2 + 16473*u + 27752041. Calculate v(-1905).
1
Let p(n) = 2*n**2 - 674*n + 49646. Calculate p(228).
-58
Let k(l) = -10106*l + 2162719. Determine k(214).
35
Let t(x) = -863*x + 12814. Determine t(15).
-131
Let a(p) = -9*p**2 + 3070*p - 12218. Determine a(4).
-82
Let s(x) = x**3 + 20*x**2 + 104*x + 150. Determine s(-14).
-130
Let b(c) = -627*c + 34579. Calculate b(53).
1348
Let m(o) = 33*o**2 - 4783*o - 19972. Give m(149).
-6
Let d(f) = -926*f - 7786. Determine d(-8).
-378
Let b(p) = -9*p**2 - 260*p - 2192. Determine b(-10).
-492
Let y(l) = 7*l**3 - 443*l**2 + 5136*l - 2. Determine y(48).
-2
Let r(j) = -j**3 + 391*j**2 - 2500*j + 2876. Give r(5).
26
Let x(d) = d**2 + 751*d + 128524. Determine x(-262).
406
Let o(m) = 34234*m + 10235971. Calculate o(-299).
5
Let m(r) = -3*r**2 + 1466*r - 153053. Calculate m(151).
-90
Let b(q) = 34074*q - 1669608. What is b(49)?
18
Let z(o) = o**3 + 18*o**2 - 1671*o + 13862. Determine z(10).
-48
Let v(a) = a**2 - 697*a - 109409. Give v(-132).
19
Let f(t) = -t**2 + 215*t + 41925. Determine f(-124).
-111
Let c(m) = m**3 + 124*m**2 - 25270*m + 29585. What is c(-233)?
-6
Let a(f) = 11*f**3 + 572*f**2 + 2574*f - 555. What is a(-47)?
-38
Let i(o) = 2*o**2 - 85*o - 97. Give i(16).
-945
Let w(m) = 16*m**2 + 160*m - 14. Determine w(-10).
-14
Let w(o) = -444*o - 1266. Give w(-2).
-378
Let l(y) = 31471*y - 62938. Calculate l(2).
4
Let b(f) = f**3 + 275*f**2 + 1094*f - 13. What is b(-4)?
-53
Let m(q) = 3*q**3 - 10*q**2 + 98*q - 176. Give m(2).
4
Let i(n) = 58*n**3 - 13*n**2 - 13*n - 14. Determine i(-1).
-72
Let t(r) = -r**3 + 2928*r**2 - 282796*r - 410. Give t(100).
-10
Let l(t) = 2*t**2 - 3813*t + 239371. Give l(65).
-24
Let j(c) = -490*c + 19267. Calculate j(39).
157
Let k(f) = 4*f**2 - 671*f + 27988. Give k(90).
-2
Let n(m) = -71399*m - 428365. Calculate n(-6).
29
Let k(m) = -2*m**2 + 386*m + 15338. What is k(227)?
-98
Let a(z) = -211*z + 25351. Calculate a(119).
242
Let h(b) = b**3 + 19*b**2 + 1189*b + 21085. What is h(-18)?
7
Let g(j) = -78*j + 513. What is g(8)?
-111
Let c(l) = 4*l**2 + 13339*l + 132963. What is c(-10)?
-27
Let v(h) = -h**3 + 116*h**2 - 630*h + 73199. Calculate v(116).
119
Let u(m) = 2*m**2 + 209*m + 4194. Give u(-28).
-90
Let g(b) = -3*b**2 + 61847*b - 247390. Calculate g(4).
-50
Let v(l) = -113*l + 4076. Calculate v(46).
-1122
Let g(j) = 7*j**2 - 599*j + 2008. What is g(82)?
-42
Let x(h) = -2*h**2 + 4382*h - 69601. Determine x(16).
-1
Let k(p) = -39227*p - 313815. Determine k(-8).
1
Let u(r) = 45*r**2 - 1164*r - 219. Determine u(26).
-63
Let j(k) = -1001*k + 219214. Determine j(219).
-5
Let v(s) = 174*s - 15305. Give v(88).
7
Let s(u) = 1095*u - 19312. Give s(17).
-697
Let d(c) = -1118*c + 7719. Give d(7).
-107
Let g(u) = -6*u**3 - 315*u**2 + 101*u - 2763. What is g(-53)?
311
Let h(c) = -c**2 + 93*c - 2163. Determine h(57).
-111
Let g(y) = -y**3 + 35*y**2 - 248*y - 102. What is g(12)?
234
Let f(a) = 345*a - 14994. What is f(44)?
186
Let j(y) = -23*y + 3515. What is j(151)?
42
Let v(h) = 29380*h**2 + 58758*h + 1. Determine v(-2).
5
Let z(t) = -t**3 + 310*t**2 + 60657*t - 500. What is z(446)?
-54
Let y(x) = -2*x**3 + 5*x**2 + 228*x - 8. What is y(-12)?
1432
Let t(a) = 7*a**2 + 18835*a - 75356. What is t(4)?
96
Let f(j) = -3*j**2 + 716*j + 16300. Calculate f(-21).
-59
Let k(u) = 2*u**2 - 530*u - 27880. What is k(310)?
20
Let d(u) = -2*u**3 + 160*u**2 + 340*u - 694. Calculate d(82).
290
Let m(x) = -7*x**2 + 846*x - 6306. Give m(8).
14
Let m(x) = -8*x**2 + 338*x + 1235. Determine m(57).
-5491
Let h(b) = 73*b**3 - 525*b**2 - 5*b + 117. Determine h(7).
-604
Let g(q) = -2*q**2 - 826*q + 31471. Determine g(36).
-857
Let f(r) = -16099*r + 128886. What is f(8)?
94
Let h(r) = -3*r**3 + 112*r**2 - 20*r - 49. Calculate h(37).
580
Let d(p) = 7*p**3 - 1153*p**2 - 989*p + 108729. Give d(165).
-6
Let q(p) = 20*p**2 + 15*p - 27. Calculate q(0).
-27
Let l(z) = 4181*z - 12462. Determine l(3).
81
Let n(z) = -2652*z + 2633430. Determine n(993).
-6
Let w(i) = -62*i**2 - 2750*i + 2755. Give w(1).
-57
Let u(g) = -56*g**3 + 9*g**2 - 16*g + 1. Calculate u(2).
-443
Let l(x) = -6*x**2 - 3243*x - 95. Determine l(0).
-95
Let l(t) = 7630*t + 114627. Give l(-15).
177
Let a(j) = j**3 - 263*j**2 - 530*j + 1. Determine a(265).
1
Let w(q) = 3102*q + 46590. Give w(-15).
60
Let u(a) = -36*a**3 - a**2 - 89*a - 171. Calculate u(-2).
291
Let m(g) = 36511*g - 182551. Calculate m(5).
4
Let b(h) = 152*h + 437. Calculate b(-4).
-171
Let h(n) = -n**3 + 5*n**2 + 648*n + 183. Calculate h(-23).
91
Let r(w) = -23*w**3 + 554*w**2 - 569*w - 112. Calculate r(23).
26
Let l(k) = 2*k**2 + 1467*k - 105542. Determine l(66).
-8
Let l(d) = 381*d - 743. Determine l(2).
19
Let a(h) = -h**3 - 45*h**2 - 22*h - 1039. Calculate a(-45).
-49
Let f(t) = 1787*t**2 + 95890*t - 32833. Give f(-54).
-1
Let z(w) = -3*w**3 - 23*w**2 + 70*w + 339. Determine z(-9).
33
Let a(b) = 117*b**2 - 1088*b - 40. Give a(9).
-355
Let v(w) = -22987*w - 161030. Give v(-7).
-121
Let u(m) = -15*m**2 - 496*m - 843. What is u(-31)?
118
Let i(z) = 53523*z - 1123977. What is i(21)?
6
Let b(n) = 1607*n + 19594. Calculate b(-12).
310
Let b(s) = 2*s**3 + 117*s**2 + 85*s - 4712. Calculate b(-57).
190
Let w(s) = -126*s + 6004. Determine w(47).
82
Let j(n) = -118821*n + 475330. Calculate j(4).
46
Let b(o) = -o**3 + 263*o**2 - 540*o + 4667. Calculate b(261).
-31
Let x(j) = 113*j**3 + 204*j**2 - 100*j - 209. Give x(-2).
-97
Let q(f) = f**3 + 31*f**2 + 653*f + 16113. Calculate q(-28).
181
Let g(k) = -k**3 + 10*k**2 + 152*k + 295. What is g(-2)?
39
Let x(z) = -z**2 + 3288*z - 16409. What is x(5)?
6
Let n(o) = 278*o**2 - 291380*o + 37717. What is n(1048)?
-11
Let l(t) = -t**3 + 6*t**2 - 150*t + 1921. Determine l(10).
21
Let c(l) = -2495*l - 177074. Determine c(-71).
71
Let p(c) = 27*c**2 - 1158*c + 543. Determine p(44).
1863
Let i(h) = -638*h + 12120. Determine i(19).
-2
Let c(h) = 277*h - 555. Calculate c(2).
-1
Let q(a) = 26*a**2 - 4060*a - 81524. Give q(-18).
-20
Let s(m) = -14*m**2 - 2285*m - 11333. Give s(-5).
-258
Let i(v) = -9*v**3 + 33*v**2 - 37*v - 38. What is i(2)?
-52
Let l(m) = m**3 - 17*m**2 - 730*m - 331. What is l(37)?
39
Let b(q) = 6*q**2 + 264*q + 1001. Determine b(-39).
-169
Let s(c) = -12*c**3 + 56*c**2 + 861*c - 2765. Calculate s(3).
-2
Let v(k) = 5*k**3 - 15*k - 333. What is v(0)?
-333
Let m(f) = -8*f**3 - 3960*f**2 - 5*f - 2470. Determine m(-495).
5
Let l(w) = -w**3 - 8*w**2 + 104*w + 1280. Calculate l(-13).
773
Let t(u) = -8*u**3 + 3*u**2 + 47*u - 98. Determine t(2).
-56
Let t(g) = -420*g + 78075. Give t(186).
-45
Let j(a) = -a**3 + 73*a**2 - 226*a - 3834. Give j(69).
-384
Let k(v) = v**3 + 78*v**2 + 1320*v - 1729. What is k(-52)?
-65
Let n(a) = -a**2 + 1775*a - 19639. Determine n(11).
-235
Let q(y) = 3*y**3 + 2*y**2 + 59*y + 301. Calculate q(-4).
-95
Let b(l) = -851*l - 5106. What is b(-6)?
0
Let v(y) = -16*y + 2706. Calculate v(157).
194
Let f(t) = 36*t**2 - 650*t + 2897. Determine f(10).
-3
Let l(w) = -135*w**3 - 2147*w**2 - 6326*w - 24. What is l(-12)?
0
Let r(s) = 2*s**3 - 305*s**2 + 160*s - 1892. Calculate r(152).
-676
Let m(l) = 23*l**2 - 498*l + 71. What is m(19)?
-1088
Let l(n) = -11*n**2 - 198*n - 197. Determine l(-1).
-10
Let n(j) = -524*j + 1040. Give n(3).
-532
Let k(c) = 3491*c**2 + 62831*c - 74. Determine k(-18).
52
Let u(z) = -6029*z - 78368. Give u(-13).
9
Let f(z) = -z**2 - 146*z + 378965. Calculate f(547).
-106
Let w(k) = 6*k**2 - 292*k + 1126. Determine w(42).
-554
Let y(d) = 5*d**3 - 134*d**2 - 1435*d + 88. Give y(35).
88
Let a(c) = 760*c + 199. Calculate a(-3).
-2081
Let g(o) = -1348*o - 94367. Give g(-70).
-7
Let a(l) = -19397*l + 271570. Give a(14).
12
Let h(z) = 10*z**3 - 2898*z**2 - 582*z + 335. Calculate h(290).
-245
Let p(f) = 3431*f - 373973. Calculate p(109).
6
Let h(s) = s**3 - 23*s**2 + 170*s - 314. Give h(15).
436
Let b(u) = u**2 + 527*u - 4286. Give b(8).
-6
Let x(i) = -3398*i - 33181. Calculate x(-10).
799
Let g(h) = 3*h**2 + 889*h + 12817. Calculate g(-15).
157
Let z(o) = o**3 - 23*o**2 - 17*o - 41. What is z(18)?
-1967
Let g(c) = -42*c**2 - 1113*c + 2255. Give g(2).
-139
Let n(l) = -2*l**2 - 73